se 0 = -3*c + 3*z + 57, -c = 4*z - 26 - 3. What is the remainder when 41 is divided by c?
20
Let z = 3 + -1. Suppose -z*m = -2*y - 18, 2*y = -y - 15. What is the remainder when 1/(-4) + (-29)/(-4) is divided by m?
3
Suppose -3*o - 2*j = 2*o - 25, 25 = -5*j. Calculate the remainder when 18 is divided by o.
4
Let t = 17 + -7. Let j = 1 - 0. What is the remainder when t is divided by j/(2*1/12)?
4
Suppose 5 = -2*y - 2*i + 1, 4*i = y + 22. Let j = -4 - y. Suppose 3*d + j*d = 60. What is the remainder when 35 is divided by d?
11
Let y(j) = j**2 + 2*j - 1. Let g be y(-2). Let o = g + -3. Calculate the remainder when 29 is divided by 10*(0 - o/5).
5
Let u(a) = -6*a - 7. Suppose 7 = -3*b - 11. What is the remainder when u(b) is divided by 10?
9
Calculate the remainder when 23 is divided by (-18)/(3/(-3)) - 2.
7
Suppose 0 = z + 6*s - 3*s - 77, 0 = -3*z - s + 199. What is the remainder when z is divided by 22?
21
What is the remainder when 49 is divided by 20 - 3*4/12?
11
Let x(b) = b**3 - 4*b**2 + b + 4. What is the remainder when x(4) is divided by (-45)/(-6)*(-4)/(-6)?
3
Let u(y) = -y + 2. Suppose 2*m + 6 = -2. What is the remainder when u(-2) is divided by (-12)/(-7) - m/14?
0
Let r(h) = -2*h + 31. Let i be r(0). Let z = i + -22. Calculate the remainder when 17 is divided by z.
8
Let j(y) = y**2 - 2*y + 8. Let s(v) = 7 + v**2 + 0 - v + 0*v. Let g(x) = -6*j(x) + 7*s(x). What is the remainder when 1 is divided by g(-5)?
0
Let i = 62 - 60. Calculate the remainder when 6 is divided by i.
0
Let l = -40 - -12. Let n = l - -43. Let c(j) = j**2 - 4*j - 6. Calculate the remainder when n is divided by c(6).
3
Let d(u) = 10*u**3 - u**2 + u + 1. Let z be d(-2). Let j = z - -140. Calculate the remainder when j is divided by 19.
17
Let h be 3 + (2 - 5 - -2). Suppose -5*q + 17 = -4*l + l, -h*l = -4*q + 14. Calculate the remainder when q is divided by 2.
0
Let t = 41 + -34. What is the remainder when t is divided by 2?
1
Suppose -20 = 2*u + 3*u. Let b = u + 13. Let j = 30 - 5. What is the remainder when j is divided by b?
7
Let c = 15 + 14. What is the remainder when c is divided by 6?
5
Let s be (((-6)/3)/2)/1. Let q be 8 + -3 - (1 + s). What is the remainder when q*(-2)/((-2)/5) is divided by 9?
7
Let l = 0 + -2. Let b(v) be the first derivative of -15*v**2/2 + 2*v + 19. What is the remainder when b(l) is divided by 17?
15
Suppose 0*c - 2*c = -5*l - 49, -3*c - l + 82 = 0. What is the remainder when 52 is divided by c?
25
Suppose -19*f - 95 = -24*f. Suppose 2*k - 76 = 2*x, -5*k = -5*x + x - 187. Calculate the remainder when k is divided by f.
16
Suppose a - 23 = -19. Calculate the remainder when 14 is divided by a.
2
Let i be 1 - (2 + -3 + 0). Suppose -2*v - i*h = -656, 4*v + h = 6*v - 662. Suppose b = 6*b - v. Calculate the remainder when b is divided by 23.
20
What is the remainder when 133 is divided by ((-1330)/(-90) - (-2)/9) + 0?
13
Suppose -3*g + 2*g = -4*f + 28, -4*f - 3*g = -28. What is the remainder when f is divided by 2?
1
Let z(q) = q**3 - q**2 + 51. Let c be 0*(-3 - (-6 + 4)). Calculate the remainder when z(c) is divided by 18.
15
Suppose 26 + 22 = 3*s. What is the remainder when 62 is divided by s?
14
Suppose 4 = u + 3. What is the remainder when 8*(-4)/(-2) - u is divided by 9?
6
Let i(q) = q**3 - q + 34. Suppose 16*a - 239 - 65 = 0. What is the remainder when i(0) is divided by a?
15
Suppose h = -5*z + 5, 0 = -3*z + 2*h - 14 + 4. Suppose 5*d - 4*d = z. Suppose 4*u + 0 - 68 = d. Calculate the remainder when u is divided by 10.
7
Suppose -2*v - 4*m = 130, m - 121 = 2*v - 4*m. Let n = v + 106. What is the remainder when n is divided by 11?
10
Let i(q) = 5*q**2 - q. Let t be i(1). Suppose -t*l + 0 = -28. What is the remainder when 17 is divided by l?
3
Let c = 1 + 0. Calculate the remainder when 32 is divided by 16/c + 9 + -8.
15
What is the remainder when (2 + -4 - -35)*1 is divided by 12?
9
Let j(t) = t**3 - 12*t**2 + 12*t - 2. What is the remainder when 17 is divided by j(11)?
8
Let z(b) = 28*b + 2. What is the remainder when 88 is divided by z(1)?
28
Calculate the remainder when 52 is divided by 26/1 + -3 - 2.
10
Suppose -2*t - 2*t + 80 = 0. What is the remainder when (-2374)/(-30) + (-46)/345 is divided by t?
19
Let r be 12/8*(-16)/(-3). Calculate the remainder when 35 is divided by 2*-4*(-18)/r.
17
Suppose 29 - 9 = 5*u. Suppose -4*j = j + 5, m - u*j - 7 = 0. Calculate the remainder when 5 is divided by m.
2
Suppose -4*v - 2*m + 4*m + 2 = 0, -5*v - m - 1 = 0. Suppose v*h = h - 20. What is the remainder when h is divided by -1 + (-1 - (-9)/1)?
6
Suppose 108*n - 624 = 100*n. What is the remainder when n is divided by 8?
6
Let b(q) = 9*q - 13. Let a be b(6). Suppose -25 = 5*k, -5*r + 2*r + 4*k + a = 0. Calculate the remainder when 26 is divided by r.
5
Suppose -4*w + n + 70 = 0, -w - 4*n + 12 = -14. Calculate the remainder when 35 is divided by w.
17
Suppose -44 = -4*g + 3*a, -g + 33 = 2*g - 3*a. Calculate the remainder when 18 is divided by g.
7
What is the remainder when 320/18 + 2/9 is divided by 10?
8
Suppose -7 = q + 5*x, -3*q = -q - 3*x - 38. Let h(l) = -4*l - 9. Calculate the remainder when h(-8) is divided by q.
10
Let x(p) = 5*p**2 + 5*p + 7. Calculate the remainder when x(-4) is divided by 14.
11
Suppose 0 = 2*j + 2*j - 12. Suppose -j*z - 18 = -2*q + z, 4*q - z - 57 = 0. Calculate the remainder when 29 is divided by q.
14
Let v(x) be the third derivative of -x**5/60 - x**4/4 - 4*x**3/3 - 2*x**2. Let q be v(-6). Let n = 0 - q. Calculate the remainder when 23 is divided by n.
7
Let h = 3 - -4. Let p(w) = w**3 - 7*w**2 + 2*w - 9. Let y be p(7). Suppose -y*r = -0*r, -4*k = 3*r - 16. What is the remainder when h is divided by k?
3
Let l(a) = a**2 - 1. Let t(k) = -k**3 + 5*k**2 - 7*k + 9. Let q(c) = -5*l(c) - t(c). What is the remainder when q(10) is divided by 17?
15
Let v(u) = u**2 + 5*u + 5. Calculate the remainder when v(6) is divided by 18.
17
Suppose -2*t - 5*o + 23 = 0, -t - 2 = -2*o - 0. Calculate the remainder when ((-44)/8 + -2)*-2 is divided by t.
3
Let c = 1 + -1. Suppose c = t + 3 - 17. Suppose 0 = -5*u + 18 + 252. Calculate the remainder when u is divided by t.
12
Suppose -2*j = 2*l + 4, l + 2*j + j + 12 = 0. Let a be (-1)/((9/51)/l). Let q = a + 36. Calculate the remainder when q is divided by 10.
9
Suppose 5*g - 4*x - 139 = 0, -4*x + 65 + 12 = 3*g. What is the remainder when g is divided by 16?
11
Let m = 8 - 15. Let h(s) be the third derivative of s**5/60 + s**4/4 + s**3/6 - 2*s**2. Calculate the remainder when 23 is divided by h(m).
7
Let r(u) = 9*u**3 - 2*u**2 + u. Suppose 0*a - 2*a = -28. Calculate the remainder when a is divided by r(1).
6
Calculate the remainder when 2/(-6)*(-147 - -9) is divided by 12.
10
Suppose 5*r + 5*j = 190, 0*j + 26 = r - 2*j. What is the remainder when r is divided by 18?
16
Suppose -2*y = -7*y + 15. Suppose -v - 118 = -2*h, h = -y*v + 26 + 26. What is the remainder when h is divided by (-219)/(-15) + 4/10?
13
Calculate the remainder when (3 + -4)*(-1 + -28) is divided by 16.
13
Suppose 16 + 4 = -5*f. Let g(h) = h**2 + 4*h + 3. What is the remainder when (7/4)/(5/20) + 4 is divided by g(f)?
2
Let z = 58 + -5. What is the remainder when z is divided by 30?
23
Let t = 114 + -58. Suppose 2*n - 2*i - t = -2*n, -i = 0. Calculate the remainder when 27 is divided by n.
13
Suppose -95 = -7*m + 2*m. What is the remainder when m is divided by 7?
5
Suppose 10*a - 79 = -19. What is the remainder when 15 is divided by a?
3
Let k be (-18)/(2 + 1) + 3. What is the remainder when (-628)/(-12) - (-1)/k is divided by 18?
16
Let r(f) = -f**3 + 9*f**2 - 8*f - 6. Calculate the remainder when r(7) is divided by 10.
6
Suppose -4*a = -14 + 2. Let f = 2 + -1. What is the remainder when a is divided by f?
0
Calculate the remainder when ((-10)/6)/((-2)/36) is divided by 16.
14
Let s(o) = o**2 - 3*o. Let q be s(4). Suppose -q*j + 26 = -h - 36, -3*j - 5*h = -35. Let v(r) = -2*r - 6. What is the remainder when j is divided by v(-7)?
7
Let y = 30 + -9. Calculate the remainder when 15/20 + 483/12 is divided by y.
20
Suppose 4*g - 2*g = -5*j + 162, -3*j + 3*g + 114 = 0. Calculate the remainder when j is divided by 12.
10
What is the remainder when 1 - 5/(-2)*16 is divided by 15?
11
Calculate the remainder when 106 is divided b